{"id":510,"date":"2014-04-02T19:55:17","date_gmt":"2014-04-02T19:55:17","guid":{"rendered":"http:\/\/opalcodigital.com.br\/site\/blog\/?page_id=510"},"modified":"2016-03-22T02:53:05","modified_gmt":"2016-03-22T02:53:05","slug":"contato","status":"publish","type":"page","link":"https:\/\/opalcodigital.com.br\/site\/contato\/","title":{"rendered":"Contato"},"content":{"rendered":"<p>Entre em contato. Ser\u00e1 um prazer interagir com voc\u00ea, tirar poss\u00edveis d\u00favidas e ajud\u00e1-lo.<\/p>\n<p>[contact-form-7 id=&#8221;999&#8243; title=&#8221;Contact form 1&#8243;]<\/p>\n","protected":false},"excerpt":{"rendered":"<p>Entre em contato. Ser\u00e1 um prazer interagir com voc\u00ea, tirar poss\u00edveis d\u00favidas e ajud\u00e1-lo. [contact-form-7 id=&#8221;999&#8243; title=&#8221;Contact form 1&#8243;]<\/p>\n","protected":false},"author":1,"featured_media":0,"parent":0,"menu_order":0,"comment_status":"closed","ping_status":"open","template":"","meta":{"om_disable_all_campaigns":false,"_monsterinsights_skip_tracking":false,"_monsterinsights_sitenote_active":false,"_monsterinsights_sitenote_note":"","_monsterinsights_sitenote_category":0,"footnotes":""},"class_list":["post-510","page","type-page","status-publish","hentry"],"aioseo_notices":[],"_links":{"self":[{"href":"https:\/\/opalcodigital.com.br\/site\/wp-json\/wp\/v2\/pages\/510","targetHints":{"allow":["GET"]}}],"collection":[{"href":"https:\/\/opalcodigital.com.br\/site\/wp-json\/wp\/v2\/pages"}],"about":[{"href":"https:\/\/opalcodigital.com.br\/site\/wp-json\/wp\/v2\/types\/page"}],"author":[{"embeddable":true,"href":"https:\/\/opalcodigital.com.br\/site\/wp-json\/wp\/v2\/users\/1"}],"replies":[{"embeddable":true,"href":"https:\/\/opalcodigital.com.br\/site\/wp-json\/wp\/v2\/comments?post=510"}],"version-history":[{"count":0,"href":"https:\/\/opalcodigital.com.br\/site\/wp-json\/wp\/v2\/pages\/510\/revisions"}],"wp:attachment":[{"href":"https:\/\/opalcodigital.com.br\/site\/wp-json\/wp\/v2\/media?parent=510"}],"curies":[{"name":"wp","href":"https:\/\/api.w.org\/{rel}","templated":true}]}}